{"id":184,"date":"2020-12-14T22:28:34","date_gmt":"2020-12-15T01:28:34","guid":{"rendered":"http:\/\/grupocaiso.com.br\/?page_id=184"},"modified":"2020-12-16T23:46:20","modified_gmt":"2020-12-17T02:46:20","slug":"servicos-digitais","status":"publish","type":"page","link":"http:\/\/grupocaiso.com.br\/?page_id=184","title":{"rendered":"Servi\u00e7os digitais"},"content":{"rendered":"\t\t<div data-elementor-type=\"wp-page\" data-elementor-id=\"184\" class=\"elementor elementor-184\">\n\t\t\t\t\t\t<div class=\"elementor-inner\">\n\t\t\t\t<div class=\"elementor-section-wrap\">\n\t\t\t\t\t\t\t\t\t<section class=\"elementor-section elementor-top-section elementor-element elementor-element-89db0db elementor-section-height-full elementor-hidden-tablet elementor-hidden-phone elementor-section-boxed elementor-section-height-default elementor-section-items-middle\" data-id=\"89db0db\" data-element_type=\"section\" data-settings=\"{&quot;background_background&quot;:&quot;classic&quot;}\">\n\t\t\t\t\t\t<div class=\"elementor-container elementor-column-gap-default\">\n\t\t\t\t\t\t\t<div class=\"elementor-row\">\n\t\t\t\t\t<div class=\"elementor-column elementor-col-100 elementor-top-column elementor-element elementor-element-4f34d4e\" data-id=\"4f34d4e\" data-element_type=\"column\">\n\t\t\t<div class=\"elementor-column-wrap\">\n\t\t\t\t\t\t\t<div class=\"elementor-widget-wrap\">\n\t\t\t\t\t\t\t\t<\/div>\n\t\t\t\t\t<\/div>\n\t\t<\/div>\n\t\t\t\t\t\t\t\t<\/div>\n\t\t\t\t\t<\/div>\n\t\t<\/section>\n\t\t\t\t<section class=\"elementor-section elementor-top-section elementor-element elementor-element-8020d3d elementor-hidden-tablet elementor-hidden-phone elementor-section-boxed elementor-section-height-default elementor-section-height-default\" data-id=\"8020d3d\" data-element_type=\"section\">\n\t\t\t\t\t\t<div class=\"elementor-container elementor-column-gap-default\">\n\t\t\t\t\t\t\t<div class=\"elementor-row\">\n\t\t\t\t\t<div class=\"elementor-column elementor-col-100 elementor-top-column elementor-element elementor-element-28471ed\" data-id=\"28471ed\" data-element_type=\"column\">\n\t\t\t<div class=\"elementor-column-wrap elementor-element-populated\">\n\t\t\t\t\t\t\t<div class=\"elementor-widget-wrap\">\n\t\t\t\t\t\t<div class=\"elementor-element elementor-element-72c394c elementor-widget elementor-widget-text-editor\" data-id=\"72c394c\" data-element_type=\"widget\" data-widget_type=\"text-editor.default\">\n\t\t\t\t<div class=\"elementor-widget-container\">\n\t\t\t\t\t\t\t\t<div class=\"elementor-text-editor elementor-clearfix\">\n\t\t\t\tNo site da Grupo Caiso voc\u00ea ter\u00e1 acesso \u00e0 diversos <strong> servi\u00e7os digitais <\/strong>, tais como, \u00e1rea do cliente, aonde voc\u00ea ir\u00e1 trabalhar em uma plataforma totalmente digital, desde o envio das opera\u00e7\u00f5es e XML. Temos tamb\u00e9m a assinatura digital do border\u00f4 e das duplicatas atrav\u00e9s da nossa parceria com o CRDC. Voc\u00ea poder\u00e1 tamb\u00e9m efetuar todo o gerenciamento da sua carteira de receb\u00edeis , imprimir e enviar uma  segunda via de boleto para seu cliente , realizar prorroga\u00e7\u00f5es e dar instru\u00e7\u00f5es aos t\u00edtulos tudo de forma digital.\n<br>\nTudo isso de uma maneira muito f\u00e1cil e r\u00e1pida, sem ter que imprimir duplicatas, border\u00f4s, assin\u00e1-los e ter que enviar por motoboy. Algo que se perde muito tempo e dinheiro!\t\t\t\t\t<\/div>\n\t\t\t\t\t\t<\/div>\n\t\t\t\t<\/div>\n\t\t\t\t<div class=\"elementor-element elementor-element-402921f elementor-widget elementor-widget-button\" data-id=\"402921f\" data-element_type=\"widget\" data-widget_type=\"button.default\">\n\t\t\t\t<div class=\"elementor-widget-container\">\n\t\t\t\t\t<div class=\"elementor-button-wrapper\">\n\t\t\t<a href=\"http:\/\/grupocaiso.com.br\/\" class=\"elementor-button-link elementor-button elementor-size-sm\" role=\"button\">\n\t\t\t\t\t\t<span class=\"elementor-button-content-wrapper\">\n\t\t\t\t\t\t<span class=\"elementor-button-text\">Voltar para a p\u00e1gina principal<\/span>\n\t\t<\/span>\n\t\t\t\t\t<\/a>\n\t\t<\/div>\n\t\t\t\t<\/div>\n\t\t\t\t<\/div>\n\t\t\t\t\t\t<\/div>\n\t\t\t\t\t<\/div>\n\t\t<\/div>\n\t\t\t\t\t\t\t\t<\/div>\n\t\t\t\t\t<\/div>\n\t\t<\/section>\n\t\t\t\t<section class=\"elementor-section elementor-top-section elementor-element elementor-element-a315ac3 elementor-hidden-desktop elementor-hidden-tablet elementor-section-boxed elementor-section-height-default elementor-section-height-default\" data-id=\"a315ac3\" data-element_type=\"section\">\n\t\t\t\t\t\t<div class=\"elementor-container elementor-column-gap-default\">\n\t\t\t\t\t\t\t<div class=\"elementor-row\">\n\t\t\t\t\t<div class=\"elementor-column elementor-col-100 elementor-top-column elementor-element elementor-element-572e78f\" data-id=\"572e78f\" data-element_type=\"column\">\n\t\t\t<div class=\"elementor-column-wrap elementor-element-populated\">\n\t\t\t\t\t\t\t<div class=\"elementor-widget-wrap\">\n\t\t\t\t\t\t<div class=\"elementor-element elementor-element-3ec4079 elementor-widget elementor-widget-text-editor\" data-id=\"3ec4079\" data-element_type=\"widget\" data-widget_type=\"text-editor.default\">\n\t\t\t\t<div class=\"elementor-widget-container\">\n\t\t\t\t\t\t\t\t<div class=\"elementor-text-editor elementor-clearfix\">\n\t\t\t\tServi\u00e7os digitais\t\t\t\t\t<\/div>\n\t\t\t\t\t\t<\/div>\n\t\t\t\t<\/div>\n\t\t\t\t<div class=\"elementor-element elementor-element-953b9fa elementor-widget elementor-widget-text-editor\" data-id=\"953b9fa\" data-element_type=\"widget\" data-widget_type=\"text-editor.default\">\n\t\t\t\t<div class=\"elementor-widget-container\">\n\t\t\t\t\t\t\t\t<div class=\"elementor-text-editor elementor-clearfix\">\n\t\t\t\tNo site da Grupo Caiso voc\u00ea ter\u00e1 acesso \u00e0 diversos <strong>servi\u00e7os digitais<\/strong>, tais como, \u00e1rea do cliente, aonde voc\u00ea ir\u00e1 trabalhar em uma plataforma totalmente digital, desde o envio das opera\u00e7\u00f5es e XML. Temos tamb\u00e9m a assinatura digital do border\u00f4 e das duplicatas atrav\u00e9s da nossa parceria com o CRDC. Voc\u00ea poder\u00e1 tamb\u00e9m efetuar todo o gerenciamento da sua carteira de receb\u00edeis , imprimir e enviar uma segunda via de boleto para seu cliente , realizar prorroga\u00e7\u00f5es e dar instru\u00e7\u00f5es aos t\u00edtulos tudo de forma digital.\n<br>Tudo isso de uma maneira muito f\u00e1cil e r\u00e1pida, sem ter que imprimir duplicatas, border\u00f4s, assin\u00e1-los e ter que enviar por motoboy. Algo que se perde muito tempo e dinheiro!\t\t\t\t\t<\/div>\n\t\t\t\t\t\t<\/div>\n\t\t\t\t<\/div>\n\t\t\t\t<div class=\"elementor-element elementor-element-75677b2 elementor-mobile-align-center elementor-widget elementor-widget-button\" data-id=\"75677b2\" data-element_type=\"widget\" data-widget_type=\"button.default\">\n\t\t\t\t<div class=\"elementor-widget-container\">\n\t\t\t\t\t<div class=\"elementor-button-wrapper\">\n\t\t\t<a href=\"http:\/\/grupocaiso.com.br\/\" class=\"elementor-button-link elementor-button elementor-size-sm\" role=\"button\">\n\t\t\t\t\t\t<span class=\"elementor-button-content-wrapper\">\n\t\t\t\t\t\t<span class=\"elementor-button-text\">Voltar para a p\u00e1gina principal<\/span>\n\t\t<\/span>\n\t\t\t\t\t<\/a>\n\t\t<\/div>\n\t\t\t\t<\/div>\n\t\t\t\t<\/div>\n\t\t\t\t\t\t<\/div>\n\t\t\t\t\t<\/div>\n\t\t<\/div>\n\t\t\t\t\t\t\t\t<\/div>\n\t\t\t\t\t<\/div>\n\t\t<\/section>\n\t\t\t\t\t\t\t\t\t<\/div>\n\t\t\t<\/div>\n\t\t\t\t\t<\/div>\n\t\t","protected":false},"excerpt":{"rendered":"<p>No site da Grupo Caiso voc\u00ea ter\u00e1 acesso \u00e0 diversos servi\u00e7os digitais , tais como, \u00e1rea do cliente, aonde voc\u00ea ir\u00e1 trabalhar em uma plataforma totalmente digital, desde o envio das opera\u00e7\u00f5es e XML. Temos tamb\u00e9m a assinatura digital do border\u00f4 e das duplicatas atrav\u00e9s da nossa parceria com o CRDC. Voc\u00ea poder\u00e1 tamb\u00e9m efetuar [&hellip;]<\/p>\n","protected":false},"author":1,"featured_media":0,"parent":0,"menu_order":0,"comment_status":"closed","ping_status":"closed","template":"elementor_canvas","meta":[],"_links":{"self":[{"href":"http:\/\/grupocaiso.com.br\/index.php?rest_route=\/wp\/v2\/pages\/184"}],"collection":[{"href":"http:\/\/grupocaiso.com.br\/index.php?rest_route=\/wp\/v2\/pages"}],"about":[{"href":"http:\/\/grupocaiso.com.br\/index.php?rest_route=\/wp\/v2\/types\/page"}],"author":[{"embeddable":true,"href":"http:\/\/grupocaiso.com.br\/index.php?rest_route=\/wp\/v2\/users\/1"}],"replies":[{"embeddable":true,"href":"http:\/\/grupocaiso.com.br\/index.php?rest_route=%2Fwp%2Fv2%2Fcomments&post=184"}],"version-history":[{"count":12,"href":"http:\/\/grupocaiso.com.br\/index.php?rest_route=\/wp\/v2\/pages\/184\/revisions"}],"predecessor-version":[{"id":345,"href":"http:\/\/grupocaiso.com.br\/index.php?rest_route=\/wp\/v2\/pages\/184\/revisions\/345"}],"wp:attachment":[{"href":"http:\/\/grupocaiso.com.br\/index.php?rest_route=%2Fwp%2Fv2%2Fmedia&parent=184"}],"curies":[{"name":"wp","href":"https:\/\/api.w.org\/{rel}","templated":true}]}}